{"id":2,"date":"2024-11-01T18:02:42","date_gmt":"2024-11-01T17:02:42","guid":{"rendered":"http:\/\/brewhousegrenoble.fr\/?page_id=2"},"modified":"2024-11-05T10:45:50","modified_gmt":"2024-11-05T09:45:50","slug":"page-d-exemple","status":"publish","type":"page","link":"https:\/\/brewhousegrenoble.fr\/","title":{"rendered":"Fabrique de bi\u00e8re, fabrique de boissons sans alcool, bar, salle privatisable en centre ville de Grenoble"},"content":{"rendered":"\n<p>Situ\u00e9e \u00e0 deux pas de la place notre Dame, place des Halles et places aux Herbes, nous produisons diff\u00e9rents style de bi\u00e8res et softs avec des ingr\u00e9dients majoritairement bios, et des techniques traditionnelles.<\/p>\n\n\n\n<p>Avec de nombreuses places acisses en int\u00e9rieur et en terrasse, vous trouverez toujours votre place, vous pouvez \u00e9galement r\u00e9server une table, ou privatiser un salle pour 25 \u00e0 50 personnes !<\/p>\n\n\n\n<p><\/p>\n","protected":false},"excerpt":{"rendered":"<p>Situ\u00e9e \u00e0 deux pas de la place notre Dame, place des Halles et places aux Herbes, nous produisons diff\u00e9rents style de bi\u00e8res et softs avec des ingr\u00e9dients majoritairement bios, et des techniques traditionnelles. Avec de nombreuses places acisses en int\u00e9rieur et en terrasse, vous trouverez toujours votre place, vous pouvez \u00e9galement r\u00e9server une table, ou privatiser un salle pour 25 \u00e0 50 personnes !<\/p>\n","protected":false},"author":1,"featured_media":0,"parent":0,"menu_order":0,"comment_status":"closed","ping_status":"open","template":"","meta":{"footnotes":""},"class_list":["post-2","page","type-page","status-publish","hentry"],"_links":{"self":[{"href":"https:\/\/brewhousegrenoble.fr\/index.php\/wp-json\/wp\/v2\/pages\/2","targetHints":{"allow":["GET"]}}],"collection":[{"href":"https:\/\/brewhousegrenoble.fr\/index.php\/wp-json\/wp\/v2\/pages"}],"about":[{"href":"https:\/\/brewhousegrenoble.fr\/index.php\/wp-json\/wp\/v2\/types\/page"}],"author":[{"embeddable":true,"href":"https:\/\/brewhousegrenoble.fr\/index.php\/wp-json\/wp\/v2\/users\/1"}],"replies":[{"embeddable":true,"href":"https:\/\/brewhousegrenoble.fr\/index.php\/wp-json\/wp\/v2\/comments?post=2"}],"version-history":[{"count":2,"href":"https:\/\/brewhousegrenoble.fr\/index.php\/wp-json\/wp\/v2\/pages\/2\/revisions"}],"predecessor-version":[{"id":22,"href":"https:\/\/brewhousegrenoble.fr\/index.php\/wp-json\/wp\/v2\/pages\/2\/revisions\/22"}],"wp:attachment":[{"href":"https:\/\/brewhousegrenoble.fr\/index.php\/wp-json\/wp\/v2\/media?parent=2"}],"curies":[{"name":"wp","href":"https:\/\/api.w.org\/{rel}","templated":true}]}}